git of 151652207?
0
What is the hundred thousands digit of 69860424?
8
What is the hundreds digit of 2759510469?
4
What is the hundred millions digit of 121462240?
1
What is the hundreds digit of 78531261?
2
What is the hundred millions digit of 125672339?
1
What is the units digit of 465258419?
9
What is the hundred millions digit of 136179707?
1
What is the hundred thousands digit of 985724167?
7
What is the ten millions digit of 889639247?
8
What is the units digit of 5909488543?
3
What is the hundreds digit of 4445479?
4
What is the thousands digit of 570067085?
7
What is the millions digit of 4193539973?
3
What is the units digit of 404150484?
4
What is the thousands digit of 537204759?
4
What is the units digit of 712210692?
2
What is the hundred thousands digit of 128047597?
0
What is the units digit of 76493401?
1
What is the tens digit of 1749089989?
8
What is the ten millions digit of 76405354?
7
What is the ten millions digit of 109201152?
0
What is the ten millions digit of 1146184840?
4
What is the tens digit of 221362415?
1
What is the units digit of 176977159?
9
What is the hundred millions digit of 544196018?
5
What is the hundreds digit of 2590187675?
6
What is the millions digit of 17238539?
7
What is the hundreds digit of 600638900?
9
What is the hundred thousands digit of 388318393?
3
What is the tens digit of 271380708?
0
What is the units digit of 1222015875?
5
What is the ten millions digit of 1340032659?
4
What is the millions digit of 1216591?
1
What is the hundred millions digit of 701142024?
7
What is the billions digit of 1847076103?
1
What is the millions digit of 306853506?
6
What is the millions digit of 500043814?
0
What is the ten millions digit of 650179610?
5
What is the millions digit of 972723812?
2
What is the hundred thousands digit of 34587920?
5
What is the hundred thousands digit of 730791267?
7
What is the ten millions digit of 3590788199?
9
What is the tens digit of 133058948?
4
What is the hundred thousands digit of 89028495?
0
What is the hundred thousands digit of 59352497?
3
What is the millions digit of 1146411983?
6
What is the thousands digit of 55206911?
6
What is the tens digit of 92902332?
3
What is the millions digit of 8119015?
8
What is the hundreds digit of 2124675606?
6
What is the hundred millions digit of 455787649?
4
What is the ten millions digit of 37736455?
3
What is the hundred thousands digit of 184062148?
0
What is the billions digit of 1157773578?
1
What is the thousands digit of 60694330?
4
What is the hundred thousands digit of 35527286?
5
What is the hundred millions digit of 1674602651?
6
What is the ten thousands digit of 8827439161?
3
What is the ten millions digit of 125050668?
2
What is the ten millions digit of 187508221?
8
What is the hundred thousands digit of 2155900824?
9
What is the units digit of 9327001?
1
What is the ten millions digit of 51345624?
5
What is the units digit of 2447807313?
3
What is the hundreds digit of 57916773?
7
What is the millions digit of 441664007?
1
What is the billions digit of 1231404698?
1
What is the hundreds digit of 83210445?
4
What is the thousands digit of 444374433?
4
What is the tens digit of 44673756?
5
What is the thousands digit of 2146310650?
0
What is the units digit of 1119395752?
2
What is the billions digit of 6365386404?
6
What is the ten thousands digit of 178540730?
4
What is the units digit of 100839967?
7
What is the hundreds digit of 317832877?
8
What is the hundreds digit of 55392441?
4
What is the hundreds digit of 5970150756?
7
What is the ten thousands digit of 97635863?
3
What is the hundred millions digit of 278962813?
2
What is the thousands digit of 591266293?
6
What is the millions digit of 37571959?
7
What is the units digit of 9314346260?
0
What is the tens digit of 68076941?
4
What is the units digit of 345207510?
0
What is the ten millions digit of 927705426?
2
What is the billions digit of 2257043334?
2
What is the hundred millions digit of 3011903330?
0
What is the thousands digit of 260907761?
7
What is the hundreds digit of 231555679?
6
What is the hundred millions digit of 3020320637?
0
What is the thousands digit of 155254092?
4
What is the hundred thousands digit of 482015317?
0
What is the hundred thousands digit of 68602501?
6
What is the units digit of 14710859?
9
What is the tens digit of 132886078?
7
What is the tens digit of 8838061?
6
What is the ten millions digit of 187968101?
8
What is the millions digit of 118260765?
8
What is the ten thousands digit of 262718204?
1
What is the tens digit of 7101528?
2
What is the millions digit of 29007845?
9
What is the hundreds digit of 1083909576?
5
What is the hundreds digit of 73348565?
5
What is the ten thousands digit of 120521761?
2
What is the ten millions digit of 278581673?
7
What is the units digit of 3735959677?
7
What is the hundred thousands digit of 474195568?
1
What is the ten thousands digit of 69583072?
8
What is the ten thousands digit of 50450740?
5
What is the units digit of 379690043?
3
What is the units digit of 306484891?
1
What is the thousands digit of 76246320?
6
What is the tens digit of 5926918?
1
What is the units digit of 130832623?
3
What is the millions digit of 208573195?
8
What is the hundred millions digit of 6304637295?
3
What is the millions digit of 49305454?
9
What is the hundred millions digit of 1919900787?
9
What is the tens digit of 37024012?
1
What is the ten thousands digit of 338546068?
4
What is the millions digit of 478983270?
8
What is the millions digit of 14297182?
4
What is the thousands digit of 827993782?
3
What is the hundreds digit of 47941530?
5
What is the hundreds digit of 40696688?
6
What is the hundreds digit of 4926605850?
8
What is the hundred thousands digit of 63930582?
9
What is the hundreds digit of 59672103?
1
What is the hundreds digit of 1490846582?
5
What is the tens digit of 34993221?
2
What is the hundred millions digit of 305782286?
3
What is the ten thousands digit of 111633525?
3
What is the units digit of 364762003?
3
What is the ten millions digit of 192662402?
9
What is the units digit of 107950409?
9
What is the units digit of 127001643?
3
What is the hundreds digit of 1373551604?
6
What is the thousands digit of 82948311?
8
What is the tens digit of 182080907?
0
What is the millions digit of 108363818?
8
What is the hundred millions digit of 581299361?
5
What is the hundred thousands digit of 709232573?
2
What is the hundred thousands digit of 34008069?
0
What is the units digit of 256143500?
0
What is the thousands digit of 5354247073?
7
What is the hundred millions digit of 686346128?
6
What is the millions digit of 9000263049?
0
What is the tens digit of 166307840?
4
What is the ten thousands digit of 748344236?
4
What is the thousands digit of 1217769626?
9
What is the tens digit of 798601330?
3
What is the tens digit of 393534323?
2
What is the units digit of 14486334?
4
What is the thousands digit of 1718000380?
0
What is the ten millions digit of 25207260?
2
What is the units digit of 567237033?
3
What is the hundred millions digit of 3654737410?
6
What is the units digit of 1372249068?
8
What is the hundred millions digit of 2245731318?
2
What is the ten millions digit of 1209549259?
0
What is the hundred thousands digit of 1008114123?
1
What is the hundreds digit of 171327530?
5
What is the ten millions digit of 62860334?
6
What is the hundred thousands digit of 5313005?
3
What is the ten thousands digit of 2361828859?
2
What is the hundred millions digit of 4282655724?
2
What is the ten thousands digit of 109905970?
0
What is the ten millions digit of 2853573972?
5
What is the ten thousands digit of 57950792?
5
What is the millions digit of 1365942921?
5
What is the tens digit of 2147643753?
5
What is the hundred thousands digit of 6424036941?
0
What is the tens digit of 143664516?
1
What is the hundred millions digit of 1346339104?
3
What is the units digit of 21925741?
1
What is the tens digit of 38614036?
3
What is the hundred millions digit of 154251649?
1
What is the ten thousands digit of 314298645?
9
What is the tens digit of 77149034?
3
What is the hundreds digit of 325263769?
7
What is the hundred millions digit of 2146784903?
1
What is the 